(16 - 6 - 8) - 3
-9
Evaluate 0 - (-3 - (-7 + 12 + -5)).
3
What is -23 + 18 + 0 + 2?
-3
Calculate -4 + 8 + -1 + -3.
0
Calculate -3 - 0 - (-2 + 3).
-4
Evaluate 3 - (5 + 14 + -10).
-6
What is the value of 12 - (-2 + (7 - -3))?
4
What is 0 + 0 + -1 - (-41 + 43)?
-3
Calculate (10 - (12 - 3)) + -4.
-3
What is the value of 2 + (-14 - (-7 - 5))?
0
Evaluate -2 + (3 - (-4 + 9 + -3)).
-1
Calculate -1 - -11 - (0 + 1).
9
Evaluate 0 + -3 - (-1 + -1).
-1
What is the value of 0 - (7 + 0 - (2 - 1))?
-6
What is the value of 3 + (1 - (1 - -1) - 7)?
-5
Evaluate (3 - 0) + -5 + 5 + -2.
1
2 + -3 - (-2 + 2 - -3)
-4
-2 + -3 + 2 + -3
-6
What is 2 - (-8 - -7 - -4)?
-1
Evaluate 1 + -12 - (133 + -138).
-6
(-4 - -7) + -3 + 1
1
What is the value of 40 + -46 + (7 - 0)?
1
Evaluate (0 - -1) + 5 + -2 - -4.
8
What is (-4 - (-1 - -3)) + (-7 - -8)?
-5
What is 0 - 1 - (-6 + -8 - -13)?
0
What is the value of 4 + -5 - (9 + -5)?
-5
-10 + 32 + -6 + -8
8
Calculate -2 + -2 - (-11 - -8).
-1
Calculate 20 + 14 + -26 - (0 + 11).
-3
-10 + 5 + 0 + 0 + 3
-2
Calculate -3 + 0 - (7 + -12).
2
Calculate 0 - -4 - 4 - 3.
-3
What is 33 + -35 - (-5 + -2)?
5
1 + 2 + -4 + 6 + -10
-5
Evaluate (6 - 3) + -4 + -3 + 1.
-3
What is 2 + -5 + (9 - 1) - 0?
5
What is (-5 - 4 - -6) + 1?
-2
Calculate 5 - (-17 - -16) - (-1 + 8).
-1
What is the value of 8 + -11 + -2 + 1 + -1?
-5
What is 13 - (8 - (-5 - -5))?
5
-1 + (-6 - -14) + 0 - 0
7
Evaluate (19 - (22 + -17)) + -9 + 1.
6
What is the value of 1 + -5 - (1 + -5 - -4)?
-4
Calculate 11 - 15 - ((-4 - -1) + 2).
-3
Calculate -2 + 4 - -5 - 1 - 1.
5
What is -1 + -7 - -12 - 0?
4
What is -3 + (-4 - (6 - 10)) + -4?
-7
What is 6 + -11 + 1 + 8?
4
Calculate 7 + -9 + -1 - -5.
2
Evaluate -2 + (-8 - -9) + 2 - 6.
-5
What is the value of 3 - (-2 - 0 - 0 - -11)?
-6
Calculate (1 + -1 - (29 + -23)) + 1.
-5
Calculate 3 + 0 + 40 + -42.
1
Evaluate (5 - (14 - 9)) + -1 + 0.
-1
6 + -4 + (-6 - -1)
-3
Evaluate -7 + -15 + 6 + 16.
0
Calculate -57 - -38 - (-1 - 9).
-9
What is the value of -1 - -4 - (2 + 5) - -5?
1
4 + 1 - (0 + (1 - -2))
2
What is -1 + (14 - 27) - -6?
-8
Evaluate (-13 - (13 - 12)) + 9.
-5
What is the value of -3 + -6 - (-1 - 1)?
-7
What is the value of 2 + 1 + (-6 - (2 - 0))?
-5
What is (7 - (3 + -3)) + -6?
1
2 + (3 + -6 + -5 - -2)
-4
What is the value of (-5 - 0) + 0 - -5 - 6?
-6
What is 8 + -14 + 4 + 4?
2
Calculate 1 + -1 + -3 + 3.
0
What is the value of 6 - (2 - -11 - 10)?
3
Calculate -1 + (-4 - (-30 + 7)) - 8.
10
What is (-2 - 1 - 1) + -42 + 54?
8
What is the value of (4 - (8 + -3)) + -13 + 9?
-5
Calculate 0 + (5 + -4 - (1 + 0)).
0
Evaluate (2 - (-3 - (-3 + 2))) + -3.
1
Evaluate -11 + (-6 - (-6 + -6)) + 0.
-5
-3 + (-10 - -8) - (2 - 12)
5
Evaluate -3 + 7 + 2 + (-18 - -19).
7
Calculate -13 + (3 + 3 + -2 - -2).
-7
Calculate (4 - 2) + (1 - (0 - -3)).
0
What is the value of -1 + -3 - -4 - 1?
-1
What is 7 + 0 - (-54 - -65)?
-4
2 - (-10 - -12 - (0 + -3))
-3
What is the value of (-5 + 6 - 0) + 2?
3
What is -3 - ((-19 - -21) + 1 + -1)?
-5
What is 6 + (-6 - (5 + 2))?
-7
(9 - (-3 + 21)) + 5
-4
-5 + 0 + (19 - 12)
2
1 + -4 + 9 - 2
4
-2 + (-1 - -9) + -1
5
Calculate 48 - 41 - (10 + 1).
-4
13 + (3 - 1) + (-8 - 0)
7
What is 4 - (2 - 3 - (13 - 12))?
6
Calculate (0 + 3 + -5 - -4) + -1.
1
Evaluate -2 - ((6 - 4) + -2).
-2
What is the value of (-4 - (0 + 3)) + 1 + 3?
-3
-9 + 4 + 0 + 1 + 8
4
What is -3 + -8 + (11 - -4)?
4
Calculate -1 - (3 + -4 + -2).
2
What is 6 - ((-4 - 2) + 6) - 7?
-1
Calculate -4 + -1 + -14 + 11 + 8.
0
What is -2 - (-7 - -2) - (-2 + 1)?
4
Evaluate 2 - (4 - 0) - -1 - 4.
-5
-5 - (-3 - (3 - (-3 - -3)))
1
-4 + (2 + -4 + -3 - -1)
-8
(-149 - -149) + -2 + 3 + -1
0
What is -3 + -2 + 10 + -8?
-3
What is the value of 3 + (-3 - (0 + 4)) + 5?
1
What is the value of 7 - (5 + 3 - -2)?
-3
What is the value of -4 - ((-2 - -2) + (0 - 0))?
-4
Evaluate (2 - (1 + 2)) + (24 - 28).
-5
4 - (2 - -1) - (0 + -1)
2
What is the value of -6 + 7 + (4 - 7 - -4)?
2
What is the value of -5 + 0 + 1 + 3?
-1
(-2 - 2 - 0) + 4
0
What is 0 - (-1 + (-4 - -3) - 2)?
4
Calculate 3 + -8 + 0 - -7.
2
Calculate -1 + -2 + (3 - 2).
-2
What is 7 - (6 - 4 - -1 - 0)?
4
Evaluate 7 + -12 + 11 - 3.
3
What is (2 - 0) + -7 - (-90 - -90)?
-5
Calculate -6 - (-10 + 6) - (0 + -3).
1
What is the value of (-15 - -16) + 1 + -5 + 5?
2
5 + 1 + (-2 - -1)
5
What is the value of -11 + 6 + -7 + 8?
-4
Evaluate -2 + (-3 + 0 - (-25 + 21)).
-1
Calculate (-15 - -10) + 5 - -4.
4
What is the value of (-6 - -3) + 2 + 7?
6
Calculate 17 + 20 + -34 + (-1 - 11).
-9
Evaluate -3 - (1 + -7 + -3 + 4).
2
Calculate (-6 - -5) + (2 - (-2 - -2)).
1
What is the value of -1 + 7 + -12 - -4?
-2
-11 + 13 + -5 + 1
-2
What is the value of (3 + (-9 - -5) - 4) + 4?
-1
Evaluate (6 - 2) + (-6 + 9 - 5).
2
What is 1 - ((8 - 14) + (4 - 1))?
4
What is 0 + -2 - (102 - 100)?
-4
6 - (-3 - -11) - -6
4
28 + -22 + 2 + -8
0
Evaluate -1 + 6 + -4 - (-4 + 3).
2
Calculate 3 + 1 - 1 - (-2 - 0).
5
Calculate 4 + (-12 + -2 - -5).
-5
3 + -7 + (2 - 3)
-5
69 + -62 - (-1 + (2 - 0))
6
What is the value of 4 - (0 - -2 - -2)?
0
-6 + (-5 - -7) + 0 + -2
-6
Evaluate -2 - -1 - (6 + -9).
2
Evaluate (16 - (1 + (-4 - -8))) + -5.
6
12 + (-11 + -2 - (7 - 11))
3
What is 4 + -7 + -11 + 11?
-3
Calculate 10 - (1 + -4 - -8).
5
What is -5 + -1 + 1 + 3?
-2
What is the value of 1 - 0 - (-7 + 8 - 5)?
5
What is the value of 5 + -1 + (1 - 1) + -1?
3
Evaluate 1 + -4 - -1 - (1 - -2).
-5
(2 - 6) + (-3 - -1) + 5
-1
What is the value of -2 + 5 + (3 - 8) + 5?
3
What is the value of (18 - (-6 - -13)) + -6?
5
(-19 + 5 - -11) + 11
8
-16 + 5 - (0 + -10)
-1
Evaluate -5 - -1 - (-11 - (9 + -13)).
3
What is 7 - (1 + -2 + (5 - 3))?
6
Calculate (-1 - 3) + -1 + (10 - 3).
2
Evaluate 5 + (-2 + 2 - 3).
2
Calculate 3 - (-2 + 16 + -11).
0
Calculate -6 - -2 - (-4 + -14 + 17).
-3
2 - (2 + -4 + 9)
-5
(3 - 3) + (-6 - -4)
-2
Calculate -3 - ((2 - 2) + 1).
-4
What is (5 - (13 - 5)) + (1 - -1)?
-1
Evaluate 4 + -6 + -2 + 0.
-4
Calculate 5 - 6 - -5 - 3.
1
-24 - -25 - (-4 + (0 - 0))
5
What is the value of -14 + (-13 + 11 - -11)?
-5
What is 0 + 0 + 3 + (-4 - 2)?
-3
What is the value of 4 - 15 - ((-1 - 7) + 3)?
-6
Calculate (1 + 1 - -1) + 41 + -46.
-2
What is 13 - (-2 + 13 - 4)?
6
Evaluate (2 - 3) + (9 - (1 + 3)).
4
Evaluate 1 + (2 - 7) + 0.
-4
What is 0 + 4 + (1 - 1)?
4
Calculate -3 + 2 + 5 - (2 + 1).
1
Calculate (3 - 5) + 2 - -4.
4
Evaluate (-6 - -1) + 4 + (2 - 0).
1
What is -18 - (-5 - 3) - (-2 - 2)?
-6
Calculate (3 - (-1 - -7)) + 1 - -4.
2
Calculate 3 - (-1 + 2 + 3).
-1
What is 6 + 4 + (-6 - 4) + 4?
4
Calculate 1 + -1 + 0 - (2 - 1).
-1
Calculate -5 - (8 + 0 + -8).
-5
-4 + 1 - (7 + (-1 - 4))
-5
What is the value of 2 + (6 - -2) - 5?
5
What is (-7 - -13) + (8 - 13)?
1
What is (-4 - (-3 + -6 + -1)) + -9?
-3
What is the value of -2 + (-2 + 1 - 3)?
-6
-1 - -3 - (-35 - -37)
0
Calculate 3 + 5 + -13 - (1 - 8).
2
Calculate (1 - 2) + (3 - (4 + -2)).
0
What is the value of 5 - (-5 + (15 - 2) + -3)?
0
Evaluate -9 + (3 - (-11 - -10)).
-5
Calculate 0 + 1 + -5 - -2.
-2
Evaluate -12 + 27 - (-1 + 19).
-3
3 + -2 + 8 + -3
6
1 - (1 + 5 - 0)
-5
-4 + 2 + -4 + 2
-4
What is the value of -5 + -1 + 7 + -1?
0
0 + -7 + -3 + 5 + 10
5
5 + (-6 - -2 - (-2 - -1))
2
Evaluate 6 + -1 - (13 + -13).
5
Evaluate -3 + (-4 - -9 - 1).
1
Calculate -28 - -22 - (3 - 4).
-5
What is the value of 0 - 0 - (3 - 1)?
-2
Evaluate 3 + (-7 - -3) + (6 - 2).
3
Calculate 1 - (-8 - -4 - -4).
1
What is -11 + 10 - ((2 - 2) + -2)?
1
Calculate -9 + 9 - 10 - (-6 + 1).
-5
Evaluate 4 + -2 - (-9 + (-3 - -9)).
5
-3 + (0 - -6) + 2
5
What is the value of 3 - ((1 - -1) + 4 + -3)?
0
Calculate (1 - 14 - -5) + -2.
-10
What is 2 + -5 + 6 + 1 - 0?
4
Calculate -1 + 5 - (0 + 3) - 1.
0
Evaluate -17 + 12 + -1 + 2 - -5.
1
What is (-7 - (1 - 12)) + -8 + 1?
-3
Calculate -3 - (3 - (3 + -5 + 5)).
-3
What is the value of 3 - (-2 - (4 - (-6 - -9)))?
6
1 - 4 - ((-14 - -3) + 6)
2
Calculate (6 - 3 - 16) + 9.
-4
Calculate -6 + 2 + -1 + 5.
0
What is 4 - (5 + (4 - 9))?
4
What is -2 - 1 - (5 - 12)?
4
What is 2 - -1 - (3 + (-4 - -7))?
-3
-4 + -2 + (10 - (7 - 4))
1
Evaluate -3 - (4 + -6) - 3.
-4
What is 1 + 2 - (6 - 2)?
-1
-1 + -1 + 14 + -17
-5
What is (0 - (-9 + 2)) + -19 + 2?
-10
What is the value of 2 - (0 + 3 + (0 - 0))?
-1
Evaluate -15 + 8 + (1 - 3) + 3.
-6
What is 3 + (8 - 4) - 9?
-2
Calculate 3 + -5 + 2 + 5.
5
What is the value of -1 + 5 + (-